3*x. List the prime factors of x.
79
Suppose -5*g - t = -29, -2*t + 5 = -g + 2. Suppose g*i + 247 = h + i, 0 = 5*i. List the prime factors of h.
13, 19
Suppose -10*m + 1836 = 2*m. What are the prime factors of m?
3, 17
Let g = 122 - 225. Let x = g + 370. What are the prime factors of x?
3, 89
Let g = 23 + -34. Let l = g + 15. Suppose 0*o - 44 = -l*o. List the prime factors of o.
11
Let m be (-139)/5 - (-12)/15. Let x = 209 + m. Let w = x - 109. List the prime factors of w.
73
Let d(v) = 6*v - 11. Let i be d(6). Let y = 35 + i. List the prime factors of y.
2, 3, 5
Let k(j) = 6 - 10*j**2 - 22 + 10 + 3 + 18*j - j**3. What are the prime factors of k(-12)?
3, 23
Let s = -2 - -2. Suppose s = -a + 3*a + 34. Let q = -7 - a. List the prime factors of q.
2, 5
Let y(i) be the second derivative of i**2 - 289*i**3 + 9*i + 288*i**3 - 11*i**2. What are the prime factors of y(-7)?
2, 11
Let x(g) = -451*g + 288. What are the prime factors of x(-4)?
2, 523
Let n(d) be the first derivative of -d**5/60 + 3*d**4/8 + d**3/2 - 3*d**2/2 + 3. Let r(f) be the second derivative of n(f). List the prime factors of r(5).
23
Let d = 37 + -24. Let p(h) = -h**3 + 13*h**2 + 10*h + 10. Let y be p(d). Suppose -5*j = -j - y. What are the prime factors of j?
5, 7
Let l = 113 + -99. Suppose l*h - 298 = 12*h. What are the prime factors of h?
149
Let t = -122 - -192. Suppose -t = -10*s + 90. List the prime factors of s.
2
Suppose 3*k + f - 6 = 4, -3 = -2*k + 3*f. Let z be (-48)/(-7) + 14/98. Suppose k*b + 32 = z*b. What are the prime factors of b?
2
Suppose 4*x + 33 = 7*x. What are the prime factors of -579*(-12)/99 - 2/x?
2, 5, 7
What are the prime factors of 3/(-6) - 60/(-96)*7444?
2, 1163
Let w(u) = u**3 - u**2 - u + 2. Let a be w(0). Suppose 5*b + 96 = d, 0*b - 4 = -a*b. What are the prime factors of d?
2, 53
What are the prime factors of ((-2)/(-4))/((-1)/8806*-7)?
17, 37
Suppose -1 = -8*i + 15. Suppose 184 = i*z + 50. List the prime factors of z.
67
Let o(q) = -3*q - 2*q + 4*q - 12. Let z be o(-5). Let x(c) = -5*c - 12. What are the prime factors of x(z)?
23
Let r = -20 - -36. Let h = 37 - r. What are the prime factors of h?
3, 7
Let v = -22 + 18. What are the prime factors of 1467/27 - v/6?
5, 11
Let c = -88 - -92. Suppose c*n - d = 137, -n + d = -0*d - 38. List the prime factors of n.
3, 11
What are the prime factors of (-6)/10 + 9957*(-2)/(-15)?
1327
List the prime factors of 8418/14 + (-32)/112.
601
Let r(x) = -x**2 - 2*x + 27. Let b(t) = 2*t**2 + 5*t - 54. Let a(j) = 2*b(j) + 5*r(j). What are the prime factors of a(0)?
3
Let t(s) = -s**2 + 11*s - 4. Let x be (1 - (-2 + -5)) + 0. List the prime factors of t(x).
2, 5
Suppose 4*j = -s + 6625, -4*j - 2*s = 918 - 7548. List the prime factors of j.
5, 331
Let l be (-10)/((3 - 6) + (-80)/(-26)). What are the prime factors of l/40*4*-2?
2, 13
Suppose 144 = 2*u + f + 3, 2*u - 129 = 3*f. Suppose -d + u = -4*j, -3*d + 59 = 2*j - 106. List the prime factors of d.
3, 19
Suppose 0 = -11*r + 14*r + v - 1737, 9 = -3*v. List the prime factors of r.
2, 5, 29
Suppose 53*g = -6897 + 162505. What are the prime factors of g?
2, 367
Let w = 3661 - -1141. What are the prime factors of w?
2, 7
Let w = -6 + 6. Let a(o) = -o**3 - 4*o**2 + 12*o + 15. Let t be a(-7). Suppose w = g - 3*g + t. What are the prime factors of g?
3, 13
Suppose 1 = -2*y - 7. List the prime factors of (-4)/(-2) + 53 + y.
3, 17
What are the prime factors of (88 - -5 - 1) + 2/1?
2, 47
Suppose 36 = 2*s - 4*v, -5*s - v + 74 = -38. Suppose 0 = -25*p + s*p + 198. List the prime factors of p.
2, 3, 11
Suppose 0 - 5 = -5*u, -2*z = 5*u - 77. Let y = -26 + z. What are the prime factors of y?
2, 5
Suppose 24*v = 19*v + 1650. Let i = v - 208. List the prime factors of i.
2, 61
Let x = -47 - -33. Let o = 330 - 158. What are the prime factors of o/14 + 4/x?
2, 3
Let i = -12 - -15. Suppose 0 = -0*m - m + i. Let x(j) = 2*j**3 + j**2 - 1. What are the prime factors of x(m)?
2, 31
Let h = 21 + 63. Suppose -y = y - h. List the prime factors of y.
2, 3, 7
Let u(y) = 72*y**2 + 6*y - 3. List the prime factors of u(-3).
3, 11, 19
Let c = 10982 - -337. What are the prime factors of (-6)/4 - c/(-42)?
2, 67
Let n be (-6)/21 - 111/(-21). Suppose -18 = 3*t + n*s, 0*s = 3*t + 3*s + 24. Let m = t - -21. List the prime factors of m.
2, 5
Let i(p) = -p**2 + 6*p - 2. Let c be i(6). Let q be c/((1/15)/1). List the prime factors of (10/q)/((-1)/78).
2, 13
Let m be 16 - 5*(-6)/(-15). Suppose m = 5*q - 421. Let b = -61 + q. What are the prime factors of b?
2, 13
Suppose -1 = -r - 0. Let c be 649/(-22)*2/r. Let i = c - -89. List the prime factors of i.
2, 3, 5
Let a = -739 - -1163. What are the prime factors of a?
2, 53
Suppose -5*i + 11 = 3*b - 138, 0 = 5*b + 5*i - 245. Let g = b + -17. What are the prime factors of g?
31
Suppose 0 = 4*k - k - 102. Suppose 0 = 5*x + 3*d - k, -2*x + 12 = x - d. Suppose -o + x = -11. List the prime factors of o.
2
Suppose 4*p = 22*p - 1602. List the prime factors of p.
89
Let y(i) be the third derivative of 13*i**5/60 + 5*i**4/24 + i**3 + 35*i**2. What are the prime factors of y(-4)?
2, 97
Suppose 4*x - 1 = 5*p, 4*x + x - 4*p - 8 = 0. Suppose -3*v + x*t + 256 = -0*v, v + 3*t - 107 = 0. List the prime factors of v.
2, 23
Suppose -4*v + 3*v = 9. List the prime factors of v/12*-1*40.
2, 3, 5
Suppose 36*x + 904 = 38*x. List the prime factors of x.
2, 113
Let j(b) = 2*b + 8. Let w be j(-4). Suppose -4*m = -w*m. Suppose m = -3*c + 5*z + 62 - 16, -3*z = 3*c - 30. What are the prime factors of c?
2, 3
Let u be -1*(-3 - (-2 - -4)). Suppose 0 = 5*s - 4*n - 332, n = u*s + 4*n - 311. List the prime factors of s.
2
Suppose 0 = -4*j + 4, -3*z + 7 = -4*j + 5*j. List the prime factors of (4 - 7) + 35/2*z.
2
Suppose 0 = 2*h + 3*m - 2698, -2*h + 2714 = -0*m - 5*m. What are the prime factors of h?
2, 13
Let y(z) = -11*z**3 + 2*z**2 - 1. Let m be y(1). List the prime factors of 84*m/(-5) + 5.
173
Let i(v) = -395*v + 25. What are the prime factors of i(-1)?
2, 3, 5, 7
Suppose 6*i - 10 = 26. What are the prime factors of (17658/(-12))/(-9) + i/(-4)?
2, 3
Let l(k) = 26*k**2 - k + 13. List the prime factors of l(6).
23, 41
Let n = -2297 + 3924. List the prime factors of n.
1627
Suppose -7679*i = -7671*i - 44872. What are the prime factors of i?
71, 79
Suppose -2*f = -b - 0*b - 138, 4*b = 4*f - 564. Let h = -91 - b. List the prime factors of h.
53
Let k = -502 - -960. What are the prime factors of k?
2, 229
Suppose w + 8 = 5. List the prime factors of w/(-1)*-1 - -118.
5, 23
Let y be 13320/54*(-1 + 4). Suppose y = -10*s + 14*s. What are the prime factors of s?
5, 37
Let q = -7 - 66. Let l = q - -106. List the prime factors of l.
3, 11
Suppose -3*j + 61 - 52 = 0. Suppose 3*h + 4*i = 286, j*i + 71 + 114 = 2*h. List the prime factors of h.
2, 47
Suppose -s = -2*s + 4. Suppose 0 = -4*t + 164 - 24. Suppose t = s*q - 33. What are the prime factors of q?
17
Let m be 4*3/12 + 1. List the prime factors of (10/(-40))/(m/(-376)).
47
Let x(t) = t**3 - 11*t**2 + 22. List the prime factors of x(12).
2, 83
Let f = 223 + 654. What are the prime factors of f?
877
Suppose 0 = s + 34 + 4. Let q = -28 - s. Let u = q - -11. What are the prime factors of u?
3, 7
Suppose -17*y + 14*y + 42 = 0. Let u = 20 - y. List the prime factors of 2044/49 + u/21.
2, 3, 7
Let v(l) = l**3 - 5*l**2 - 6*l + 7. Let f be v(6). Let o = 48 + f. List the prime factors of o.
5, 11
Suppose 79 = 2*u + 5*z, 0 = 7*z - 3*z + 20. Let k be 6/(-9) - u/(-6). Suppose 4*t + 96 = k*t. List the prime factors of t.
2, 3
Let p(y) = y + 3. Let b be p(-9). List the prime factors of (-88)/b*(-27)/(-6).
2, 3, 11
Suppose -4*z + 3 = -5*z, -s - 3*z = 13. Let u be s/14 - (-370)/70. Suppose -12 = -4*y, -4*j - u*y + 70 = -21. List the prime factors of j.
19
Suppose -29*x = -25*x - 8. Suppose -659 = -3*t - x*h, -132 = -t - 3*h + 76. What are the prime factors of t?
223
Let w(z) = -11*z - 57. Let d(n) = -5*n**2 + n. Let m be d(2). What are the prime factors of w(m)?
3, 47
Let c(b) be the second derivative of -b**5/20 - b**4/3 + b**3 + b**2/2 - b. Let a be c(-5). List the prime factors of 4/(4/(-5))*a.
2, 5
Suppose 0 = 4*o - 3*y - 336, 0 = -o + 4*y - 0*y + 71. What are the prime factors of o?
3, 29
Suppose 26*m - 13530 = 21*m. List the prime factors of m.
2, 3, 11, 41
Let 